4) to base 6.
514
What is 1012 (base 4) in base 9?
77
Convert 30 (base 5) to base 15.
10
-40 (base 7) to base 14
-20
What is -17 (base 12) in base 8?
-23
What is -14 (base 14) in base 2?
-10010
2 (base 12) to base 3
2
-3 (base 15) to base 4
-3
-2 (base 14) to base 4
-2
Convert -47 (base 16) to base 11.
-65
4 (base 7) to base 16
4
What is 201 (base 3) in base 8?
23
3 (base 11) to base 7
3
What is 10d (base 15) in base 10?
238
10 (base 12) to base 15
c
What is 32 (base 4) in base 7?
20
What is -5 (base 9) in base 8?
-5
Convert 2 (base 9) to base 10.
2
Convert 55 (base 14) to base 16.
4b
What is -5a (base 11) in base 15?
-45
Convert -50 (base 9) to base 6.
-113
What is 13 (base 16) in base 5?
34
-1a3 (base 11) to base 6
-1030
-c8 (base 15) to base 4
-2330
Convert 0 (base 5) to base 6.
0
221 (base 5) to base 4
331
1 (base 2) to base 6
1
Convert 70 (base 15) to base 8.
151
What is 17 (base 8) in base 5?
30
What is 10 (base 12) in base 16?
c
3 (base 5) to base 6
3
-b (base 14) to base 16
-b
What is -1 (base 14) in base 10?
-1
What is -2201 (base 4) in base 8?
-241
Convert 18 (base 12) to base 7.
26
What is 11 (base 6) in base 15?
7
What is -1 (base 7) in base 16?
-1
Convert -1110 (base 2) to base 14.
-10
-43 (base 9) to base 14
-2b
-10 (base 3) to base 11
-3
Convert 8 (base 16) to base 3.
22
12 (base 3) to base 12
5
Convert -48 (base 16) to base 11.
-66
Convert 1 (base 8) to base 14.
1
Convert 5 (base 13) to base 9.
5
Convert 10 (base 8) to base 16.
8
What is 10002 (base 3) in base 14?
5d
What is 4 (base 16) in base 11?
4
Convert 3 (base 12) to base 16.
3
Convert 9 (base 14) to base 2.
1001
Convert 15 (base 12) to base 5.
32
1101 (base 2) to base 13
10
What is 111 (base 2) in base 9?
7
-121 (base 6) to base 13
-3a
20 (base 5) to base 14
a
Convert 7 (base 13) to base 9.
7
Convert -2a (base 13) to base 15.
-26
What is -1234 (base 5) in base 8?
-302
Convert -45 (base 7) to base 10.
-33
Convert -101 (base 2) to base 4.
-11
-102 (base 3) to base 5
-21
-10 (base 3) to base 9
-3
What is -3 (base 8) in base 10?
-3
What is 11 (base 2) in base 15?
3
6 (base 11) to base 4
12
Convert -101000110 (base 2) to base 7.
-644
What is -5 (base 7) in base 11?
-5
2 (base 14) to base 6
2
Convert 110 (base 2) to base 12.
6
69 (base 10) to base 5
234
Convert 4 (base 15) to base 11.
4
Convert -100100 (base 3) to base 2.
-11111100
What is -c (base 15) in base 9?
-13
What is 15a (base 14) in base 9?
336
What is 0 (base 15) in base 13?
0
Convert 1e (base 15) to base 6.
45
What is 200 (base 5) in base 2?
110010
Convert 65 (base 8) to base 6.
125
Convert 26 (base 7) to base 8.
24
-2 (base 8) to base 15
-2
Convert 1 (base 16) to base 8.
1
Convert 1 (base 5) to base 16.
1
Convert -2 (base 16) to base 6.
-2
Convert 12 (base 3) to base 11.
5
What is 214 (base 6) in base 15?
57
What is 21 (base 4) in base 6?
13
What is -3 (base 10) in base 13?
-3
1300 (base 4) to base 12
94
3 (base 14) to base 2
11
What is 12 (base 10) in base 9?
13
12 (base 3) to base 8
5
51 (base 6) to base 10
31
Convert -111 (base 13) to base 15.
-c3
10101 (base 2) to base 7
30
7 (base 13) to base 10
7
-138 (base 9) to base 7
-224
Convert -100000101 (base 2) to base 3.
-100200
What is -16 (base 13) in base 2?
-10011
111 (base 2) to base 14
7
10 (base 14) to base 11
13
Convert -a (base 13) to base 16.
-a
45 (base 6) to base 3
1002
78 (base 16) to base 13
93
24 (base 14) to base 13
26
Convert -5 (base 11) to base 9.
-5
Convert 4 (base 16) to base 3.
11
What is -10000 (base 2) in base 12?
-14
-10 (base 2) to base 11
-2
Convert 112 (base 3) to base 5.
24
What is -110111 (base 2) in base 15?
-3a
What is -4 (base 11) in base 8?
-4
What is -1 (base 9) in base 11?
-1
What is -bb (base 15) in base 2?
-10110000
Convert -4 (base 16) to base 2.
-100
Convert 40 (base 5) to base 14.
16
-78 (base 10) to base 6
-210
3 (base 8) to base 12
3
What is -4 (base 15) in base 3?
-11
-79 (base 12) to base 10
-93
-c (base 13) to base 15
-c
Convert -1100 (base 2) to base 15.
-c
What is 9 (base 12) in base 6?
13
What is 4 (base 13) in base 11?
4
What is 48 (base 15) in base 13?
53
What is -3 (base 13) in base 10?
-3
Convert 19 (base 16) to base 10.
25
Convert -13 (base 14) to base 8.
-21
12 (base 15) to base 10
17
Convert 92 (base 13) to base 8.
167
-2022 (base 4) to base 8
-212
-2 (base 15) to base 6
-2
Convert 38 (base 13) to base 14.
35
What is 82 (base 10) in base 6?
214
53 (base 6) to base 5
113
What is 1101 (base 3) in base 14?
29
Convert b (base 16) to base 5.
21
What is -1011 (base 5) in base 14?
-95
Convert 22 (base 16) to base 12.
2a
Convert 12 (base 6) to base 8.
10
What is 20 (base 4) in base 15?
8
Convert -1001011 (base 2) to base 7.
-135
Convert -110 (base 6) to base 12.
-36
3 (base 10) to base 14
3
52 (base 14) to base 10
72
Convert -1201 (base 3) to base 12.
-3a
0 (base 4) to base 6
0
11 (base 4) to base 5
10
Convert 0 (base 16) to base 5.
0
-7 (base 14) to base 4
-13
Convert -67 (base 13) to base 7.
-151
What is 2 (base 12) in base 13?
2
What is -c (base 14) in base 11?
-11
-212 (base 4) to base 11
-35
Convert -15 (base 10) to base 13.
-12
-13 (base 4) to base 12
-7
3 (base 15) to base 8
3
Convert 442 (base 5) to base 13.
95
Convert -172 (base 11) to base 9.
-242
Convert -11 (base 5) to base 10.
-6
What is -6 (base 8) in base 16?
-6
What is 0 (base 15) in base 11?
0
Convert 6 (base 13) to base 11.
6
Convert -22 (base 6) to base 13.
-11
What is 3 (base 5) in base 12?
3
-3 (base 12) to base 2
-11
What is -3 (base 6) in base 16?
-3
18 (base 11) to base 5
34
What is -10 (base 5) in base 11?
-5
Convert 104 (base 8) to base 12.
58
What is -100 (base 3) in base 12?
-9
Convert 76 (base 8) to base 4.
332
Convert 104 (base 11) to base 7.
236
Convert -45 (base 9) to base 12.
-35
What is -28 (base 9) in base 16?
-1a
Convert 3 (base 4) to base 6.
3
-11 (base 7) to base 10
-8
19 (base 10) to base 4
103
Convert 18 (base 11) to base 8.
23
Convert -2 (base 9) to base 13.
-2
What is -2 (base 15) in base 11?
-2
-1011 (base 2) to base 12
-b
Convert 10 (base 7) to base 2.
111
-139 (base 13) to base 10
-217
What is 12 (base 3) in base 9?
5
Convert -2 (base 15) to base 10.
-2
What is 3103 (base 4) in base 13?
133
Convert 65 (base 10) to base 4.
1001
-1010001 (base 2) to base 9
-100
Convert -29 (base 12) to base 10.
-33
-63 (base 8) to base 2
-110011
4 (base 7) to base 13
4
12 (base 13) to base 2
1111
-7 (base 10) to base 13
-7
What is -22 (base 13) in base 5?
-103
What is 80 (base 14) in base 9?
134
2 (base 5) to base 3
2
What is -10 (base 7) in base 11?
-7
-213 (base 5) to base 10
-58
What is 0 (base 14) in base 10?
0
Convert 116 (base 16) to base 15.
138
Convert -f (base 16) to base 6.
-23
Convert -12 (base 6) to base 11.
-8
-52 (base 15) to base 10
-77
110 (base 9) to base 14
66
What is 11 (base 3) in base 11?
4
3 (base 4) to base 6
3
What is -10 (base 7) in base 11?
-7
What is -76 (base 10) in base 6?
-204
Convert -27 (base 10) to base 6.
-43
Convert -96 (base 12) to base 15.
-79
What is -7 (base 10) in base 8?
-7
What is 1110 (base 2) in base 14?
10
What is -d7 (base 16) in base 15?
-e5
Convert -10111 (base 3) to base 15.
-64
Convert 10e (base 16) to base 3.
101000
What is 10 (base 5) in base 12?
5
-6 (base 10) to base 8
-6
What is -1 (base 8) in base 6?
-1
Convert -1 (base 9) to base 13.
-1
Convert -10101 (base 4) to base 5.
-2043
What is -3d (base 14) in base 8?
-67
Convert 5 (base 6) to base 12.
5
-7 (base 9) to base 16
-7
What is 5 (base 8) in base 9?
5
-6 (base 11) to base 12
-6
Convert 3 (base 10) to base 8.
3
What is 421 (base 5) in base 12?
93
13 (base 5) to base 16
8
What is -3b (base 13) in base 11?
-46
Convert 3 (base 13) to base 4.
3
What is 86 (base 16) in base 6?
342
What is -2 (base 7) in base 15?
-2
118 (base 15) to base 7
503
What is -1a4 (base 13) in base 2?
-100101111
What is 1a (base 15) in base 10?
25
-23 (base 11) to base 3
-221
2 (base 11) to base 2
10
Convert 8 (base 16) to base 2.
1000
Convert 3 (base 12) to base 16.
3
What is 9 (base 15) in base 4?
21
What is -40 (base 5) in base 7?
-26
What is -21 (base 16) in base 7?
-45
What is -92 (base 12) in base 2?
-1101110
1202 (base 5) to base 4
2301
Convert -130 (base 4) to base 10.
-28
What is -2 (base 8) in base 14?
-2
What is c (base 16) in base 15?
c
Convert -100001